**3 + 4*s**2 - s + 7. Let y(u) = -u**2 + u + 1. Let g be y(3). Let v(l) = g*t(l) - 6*r(l). Determine v(-2).
-8
Let z(c) = c**2 + 6*c + 3. Suppose 0 = 4*s - s + 12, -5*b = s + 4. Suppose 5*v + 19 = -0*h + 3*h, 5*h + 10 = b. Calculate z(v).
-2
Suppose 0 = -4*f + 5*i - 37, 1 = -3*f - i - 3. Let l(r) = -r - 1. What is l(f)?
2
Let q(h) = h**2 + 11*h + 15. Let b be q(-10). Let u = -3 - -8. Suppose u - 35 = b*k. Let s(c) = c**2 + 5*c - 6. Determine s(k).
0
Let q(g) be the second derivative of -g**5/120 + g**4/12 + g**3/6 - 2*g. Let j(r) be the second derivative of q(r). Give j(0).
2
Let d(g) = -g**3 + g**2 + 8. Let l(q) = -1. Let w(v) = -d(v) - 3*l(v). Give w(0).
-5
Let p be ((-2)/2 - -2) + -3. Suppose -2*u = -3*q - 14, 5*u + 14 = -q + 8*u. Let m = q - p. Let t(r) = r + 3. What is t(m)?
3
Suppose -5*j - 4 = -14. Let s(w) = 7*w + 6*w - 12*w. Give s(j).
2
Let q(x) = x**3 + 7*x**2 - 8*x - 2. Let z be q(-8). Let r(k) = 2*k**2 + 3*k. Calculate r(z).
2
Let m(f) = f**3 + 7*f**2 + 4. Let b be m(-7). Suppose -b - 3 = -5*u - p, 0 = -2*u - p + 1. Let x(y) = 3*y**2 - 4*y**3 + 3*y**3 + 3 - 3*y + u*y. Determine x(3).
0
Let v(b) be the second derivative of b**6/720 + b**5/12 - 3*b**4/4 + b. Let z(o) be the third derivative of v(o). Give z(-7).
3
Let m be -6 + 15 + 2/(-2). Let r(n) = -3*n + n + 3*n - 4 + m. Calculate r(0).
4
Suppose 5*g - 16 = -1. Let k(p) = 0*p + g - 2*p + 0*p. Determine k(3).
-3
Let c(n) = n + 2 - 13 + 3. Suppose -7*i + 2*i = -25. Suppose -q = -2*q + i. Calculate c(q).
-3
Let h(v) be the third derivative of -v**4/8 - 2*v**3/3 + 2*v**2. Let a(l) = 2*l + 4. Let r(b) = -5*a(b) - 4*h(b). Calculate r(-5).
-14
Let f(p) = p - 2. Let n be (-14)/(-3) - (-6)/(-9). Suppose 0 - n = -2*l. Suppose 3*y = x - 12, 2*x + l*x - 5*y - 27 = 0. Calculate f(x).
1
Let z(s) = -s**2 + 3*s + 4. Let p(q) = 2*q - 1. Let a be p(2). Let u be z(a). Let m(l) = -l**3 - 2*l - l + 3*l**2 + 2*l**2 + 0*l. What is m(u)?
4
Suppose -8 = i - 5*i. Suppose -q + 3 = 4*h, -i*h = -h - 3*q - 17. Let m(d) = d**3 + h*d**2 - 2 - 3*d + 6*d**2 - 2*d**3 - 3*d**2. Give m(4).
2
Let m be (-20)/30*3/2. Let n be (-2)/(m + 3 - 4). Let i(y) = y - 1. What is i(n)?
0
Let r(u) be the third derivative of u**6/120 - u**5/10 + 5*u**4/24 - u**3/3 - 7*u**2. What is r(5)?
-2
Let n(m) = -m**2 - 4*m - 1. Suppose 7*f - f = -24. Calculate n(f).
-1
Let b(s) be the second derivative of -1/12*s**4 - 2*s + 0 - 4/3*s**3 - 7/2*s**2. What is b(-5)?
8
Let l(x) be the first derivative of 0*x + 7/24*x**4 + 1 + 0*x**2 + 2/3*x**3 + 1/120*x**5. Let a(c) be the third derivative of l(c). What is a(0)?
7
Let i(s) = s - 3. Let b(o) be the second derivative of o**4/12 + o**3/2 - o**2 + 3*o. Let a be b(-4). Give i(a).
-1
Suppose 3*r - 7*r + 44 = 0. Let x(p) = 1 - r*p + 0 + 9*p. Give x(3).
-5
Let b(f) = -f + 16. Let k = -124 - -134. Give b(k).
6
Let g = -400 - -401. Let k(m) = -2*m**3 + 4*m - 5. Let u(t) = -t**3 + t - 1. Let n(v) = k(v) - 5*u(v). Give n(g).
2
Let d = 2 + 0. Suppose 2*v = -10, 5*v = -5*x + d*v + 10. Let w(j) = 0 + j**2 - 6*j - 2 + 0. Calculate w(x).
-7
Let g(i) = 2*i**3 + 10*i**2 + 11*i + 19. Let y(l) = -l**3 - 5*l**2 - 6*l - 10. Let a(r) = -4*g(r) - 7*y(r). Calculate a(-4).
-14
Suppose -2*r + 14 = 2*j, -4 = -4*r - 0*j + 2*j. Let n be 9/(-6)*4/(-6). Let f(w) = -w**2 - 3 + w**3 - 4*w**2 - n + 5*w. Give f(r).
-7
Let u(k) = k**3 + 6*k**2 + 6*k - 3. Suppose 5 = -3*r + 2*r. What is u(r)?
-8
Let f(t) = 1 - t + 2 - 2. Let s = -2 + 1. What is f(s)?
2
Let n(y) = -3 + 80*y**2 - y**3 - 4 - 85*y**2 - 4*y. Determine n(-5).
13
Let r be 8 + -1 - 3 - -2. Let u be 1/(-2)*2 + r. Let c(y) = y**2 - 5*y - 1. Determine c(u).
-1
Let t(x) be the first derivative of 1/2*x**2 + 3 + 3*x. Determine t(-3).
0
Let u be (-44)/(-7) - 2 - 34/119. Let l(v) = -v**2 - v + 3. Calculate l(u).
-17
Let r(i) = -i**3 - 2*i**2 + 3*i. Suppose -l - 3*s + 2 = 0, -2*s + 3 = 5. Suppose 2*h + l + 1 = 0. Determine r(h).
0
Let o(u) = 7*u - 4. Let j(f) = -4*f - 9. Let v be j(-4). Let m(q) = 2 - 10*q + 1 + 3. Let c(d) = v*o(d) + 5*m(d). Calculate c(4).
-2
Let s(b) = 2*b**3 - b**2 + 1. Let c(g) = -g - 14. Let l be c(-11). Let a be -4 - (l - 0/3). What is s(a)?
-2
Let f(k) = 3*k**2 + 9*k - 1. Let x(s) = -4*s**2 - 9*s + 2. Let q(w) = -3*f(w) - 2*x(w). Give q(-9).
-1
Let k(b) be the second derivative of -b**3/3 - b**2/2 + b. Let d be 20/(-5)*(-2 + 1). Suppose r - 15 = -d*r. Calculate k(r).
-7
Let q = -1 + 1. Let h(x) = -x - 13. Give h(q).
-13
Let j(p) = 6*p**3 + 2*p**2 + 2*p + 1. Suppose 6*b = 3*b - 3. What is j(b)?
-5
Let y(w) = 44*w - 23*w + 1 - 22*w. What is y(1)?
0
Suppose 0*d + 5*d = -20. Let v = -4 - -6. Let j(o) = -3*o**2 + v*o**2 + 4*o**2 - 3*o - 1 - 4*o**2. Calculate j(d).
-5
Suppose -5*h - 40 = 5*n - 15, 4 = -n. Let s(w) be the first derivative of -w**4/4 - w**2/2 - 18. Give s(h).
2
Let h(l) be the third derivative of -l**6/120 + l**5/30 - l**4/12 + l**3/6 + 54*l**2. Give h(1).
0
Let k(z) = -z**3 + 3*z**2 - 2*z + 3. Let m = -1 + 3. Determine k(m).
3
Suppose 5*w = -24 + 14. Let r(b) be the first derivative of -3*b**2/2 + b + 1. Calculate r(w).
7
Let j(h) be the first derivative of h**3/3 + 5*h**2/2 - 2*h + 18. Determine j(-5).
-2
Let c(v) be the second derivative of -v**3/3 + 37*v. Calculate c(-2).
4
Let j be (-1 - (-8)/5)*5. Let h(k) = -k + 0*k - j*k + 3*k. Give h(3).
-3
Let n(d) = d**3 + d**2 - d. Suppose 0 = -2*z + 5*a + 31, -10 = 2*a - 0. Suppose -4*p = 4*o - 24, -4*p - z*o = -20 - 3. Suppose -p*w - 5 = -10*w. What is n(w)?
1
Let r(j) = 4*j + 6. Let i be r(-4). Let z be (-10)/25 + (-24)/i. Let f(g) = -2*g + 6 + 3 + g - z. What is f(5)?
2
Let r(q) = q**2 + 2*q. Let m be r(-2). Let n be (-3)/(-2) + (-1)/(-2). Let c(d) = -n*d + 0 - 3 + 6 + 3*d. Give c(m).
3
Suppose -5*n - 1 = -11. Let x(s) be the second derivative of -n*s - 3/2*s**2 - 1/6*s**3 + 0. Determine x(3).
-6
Let v(b) = -b + 10. Suppose -12 = -3*i + 9. Let m be v(i). Let z(x) = -2*x - m*x + 3 + 4*x. What is z(3)?
0
Let s(t) = -t**2 + 5*t - 1. Let x(l) = l + 8. Let q be x(8). Suppose -5*a + q + 7 = -3*h, 2*a + 2*h = 6. Give s(a).
3
Let n be -15*(-3)/(45/(-6)). Let q = n + 1. Let i(u) = 3*u**2 + 24*u + 21. Let s(k) = -2*k**2 - 16*k - 14. Let a(j) = -5*i(j) - 8*s(j). Calculate a(q).
-8
Let k be (-1)/(1/(-4)) + -2. Suppose 0 = -6*r + k*r + 44. Suppose 2*j + 1 + r = 0. Let c(f) = 2*f + 8. Calculate c(j).
-4
Let b = 27 + -23. Suppose 4*u - 27 = 3*j, 5*u + 0*u - 34 = b*j. Let z(x) = x**2 - 6*x. Give z(u).
0
Suppose -5*o = -5*x + 35, 4*o + o + 11 = -3*x. Let n(f) = 5*f - x + f**2 + 10 + f**3 - 8*f**2. Calculate n(6).
1
Let r(t) be the second derivative of t**4/12 - t**3 + 3*t**2 + 2*t. Suppose 2*o + 5*f - 2*f = -14, 5*o = 2*f - 16. Let w be 60/14 - o/(-14). What is r(w)?
-2
Let i(t) = 9*t + 4. Let l(q) = 2*q - 1. Let r(b) = i(b) - 4*l(b). Determine r(-8).
0
Let q(s) = -s + 14. Let z be q(5). Let c = 6 - z. Let j(t) = t**3 + 4*t**2 + t + 3. Give j(c).
9
Let a(m) = 6*m**2 - 2*m + 1. Let u be (12/18)/((-4)/(-6)). What is a(u)?
5
Let m(f) = -f**3 - f**2 + 7*f + 1. Let n(t) = -t. Let g(a) = m(a) + 4*n(a). Calculate g(-2).
-1
Suppose -19 = v - 4*s - s, 3 = s. Let b(a) be the first derivative of a**4/4 + 4*a**3/3 - a**2 + 1. Give b(v).
8
Let p(m) be the first derivative of m**3 + 2*m**2 - 2*m - 2. Let g = 4 - 6. Let y(v) = v**2 + 1. Let s(k) = g*y(k) + p(k). Calculate s(-3).
-7
Let z(r) be the first derivative of -r**4/6 + r**3/3 + r**2 - 4. Let q(l) be the second derivative of z(l). Calculate q(3).
-10
Let p(h) be the third derivative of h**7/2520 - 7*h**6/720 + h**5/120 - 5*h**4/12 - 4*h**2. Let c(d) be the second derivative of p(d). Calculate c(6).
-5
Let k(j) = j - 1. Let w(r) = -2*r - 5. Let d(g) = k(g) + w(g). Suppose 14*a + 6 = 13*a. What is d(a)?
0
Let l(n) = -3*n**2 + n + 5*n**2 + 0*n + 10*n**3. Let h = 7 - 1. Suppose 2*s - h + 2 = 0, -7 = 3*x - 2*s. Give l(x).
-9
Suppose -3*v + 2 = 8, -n + v = 1. Let x(l) = -l**3 - 2*l**2 - 2. Determine x(n).
7
Let x(s) = s**2 + 6*s + 3. Suppose 10 = 5*p - 0. Let a be (-9)/p*(-24)/(-18). Calculate x(a).
3
Let p be 4/(-16) - 21/(-4). Suppose -2*l + p = 11. Let b(x) = x**3 + 3*x**2 + 4. Determine b(l).
4
Let b(k) = 3*k + 4. Let g(r) = r**3 - r**2 + r + 7. Let j be g(0). Let p = j - 10. Determine b(p).
-5
Let d(y) be the third derivative of 1/60*y**5 + 0*y + 0 - 1/12*y**4 - 5*y**2 -